e?
False
Is 1872193 a prime number?
False
Is 29647 composite?
True
Is 155107 a composite number?
True
Is 574459 a composite number?
True
Is 94357 prime?
False
Is 942595 a composite number?
True
Is 77069 a composite number?
False
Is 954121 composite?
True
Is 30619 composite?
True
Is 91262 composite?
True
Is 3777 prime?
False
Is 10223 a composite number?
False
Is 302681 prime?
True
Is 9091 a prime number?
True
Is 1045819 a prime number?
True
Is 26591 a composite number?
False
Is 2939 composite?
False
Is 35681 a prime number?
False
Is 105091 a prime number?
False
Is 152557 a composite number?
True
Is 27877 composite?
True
Is 9055 prime?
False
Is 140929 a composite number?
False
Is 47251 composite?
False
Is 11057 composite?
False
Is 62939 prime?
True
Is 100399 composite?
True
Is 6001 a prime number?
False
Is 29398 composite?
True
Is 587783 composite?
True
Is 114937 composite?
True
Is 4757 prime?
False
Is 26449 a composite number?
False
Is 34913 a prime number?
True
Is 1215587 a prime number?
True
Is 5029 a prime number?
False
Is 32771 composite?
False
Is 164009 a prime number?
False
Is 9957 a composite number?
True
Is 671557 a prime number?
True
Is 1777 a composite number?
False
Is 28043 a prime number?
False
Is 218311 prime?
False
Is 88483 prime?
False
Is 381443 composite?
False
Is 48149 a prime number?
False
Is 48379 a composite number?
True
Is 36151 composite?
False
Is 164963 a composite number?
False
Is 12281 a composite number?
False
Is 496585 a composite number?
True
Is 26329 prime?
False
Is 823273 a composite number?
True
Is 10237 a prime number?
False
Is 33853 a prime number?
False
Is 594271 composite?
False
Is 265007 a prime number?
True
Is 512249 a composite number?
False
Is 8147 a composite number?
False
Is 1591 composite?
True
Is 53549 a prime number?
True
Is 65437 a prime number?
True
Is 48383 a prime number?
True
Is 9263 a prime number?
False
Is 233911 composite?
False
Is 1725773 prime?
False
Is 6805 a prime number?
False
Is 879107 prime?
False
Is 8383 composite?
True
Is 38557 prime?
True
Is 42101 prime?
True
Is 8791 a prime number?
False
Is 66565 composite?
True
Is 127997 composite?
False
Is 251723 a composite number?
True
Is 31741 a prime number?
True
Is 888058 a prime number?
False
Is 347651 a composite number?
False
Is 15727 a composite number?
False
Is 18023 prime?
False
Is 118117 prime?
False
Is 57979 a prime number?
False
Is 282581 a prime number?
False
Is 580163 a composite number?
False
Is 161503 prime?
True
Is 1082 prime?
False
Is 13591 prime?
True
Is 55015 composite?
True
Is 8999 a composite number?
False
Is 34557 prime?
False
Is 23137 a prime number?
False
Is 395953 a prime number?
True
Is 877 composite?
False
Is 439541 a composite number?
False
Is 843403 prime?
False
Is 143387 a composite number?
False
Is 5837 composite?
True
Is 427 composite?
True
Is 6418 a prime number?
False
Is 370327 a prime number?
False
Is 799693 a prime number?
False
Is 2429 a prime number?
False
Is 4201 prime?
True
Is 140579 a prime number?
False
Is 35267 a composite number?
False
Is 10663 a composite number?
False
Is 484577 prime?
True
Is 21233 prime?
False
Is 12323 a composite number?
False
Is 238703 a composite number?
False
Is 447677 a composite number?
False
Is 11963 a composite number?
True
Is 77005 a prime number?
False
Is 21211 a prime number?
True
Is 1306 composite?
True
Is 53511 a prime number?
False
Is 17159 composite?
False
Is 2045 composite?
True
Is 22307 prime?
True
Is 522049 composite?
True
Is 146541 composite?
True
Is 105727 composite?
False
Is 10966 composite?
True
Is 3251 composite?
False
Is 33409 a prime number?
True
Is 396833 a composite number?
False
Is 3631 a prime number?
True
Is 31919 prime?
False
Is 12115 a composite number?
True
Is 10063 a composite number?
True
Is 34499 a prime number?
True
Is 74317 a composite number?
False
Is 93707 a composite number?
True
Is 257 composite?
False
Is 26747 composite?
True
Is 46229 composite?
False
Is 34966 prime?
False
Is 160705 composite?
True
Is 8563 prime?
True
Is 15527 a prime number?
True
Is 293 composite?
False
Is 9548993 a composite number?
False
Is 34781 a composite number?
False
Is 36845 a prime number?
False
Is 26371 prime?
True
Is 35671 composite?
False
Is 172933 a prime number?
True
Is 10869 prime?
False
Is 12049 prime?
True
Is 7897 composite?
True
Is 881849 prime?
True
Is 38719 composite?
True
Is 66737 a prime number?
False
Is 56993 a prime number?
True
Is 6751 a composite number?
True
Is 34403 composite?
False
Is 129391 composite?
True
Is 1847 composite?
False
Is 298055 a composite number?
True
Is 1693 prime?
True
Is 105517 prime?
True
Is 9151 prime?
True
Is 454337 a prime number?
False
Is 86501 a prime number?
True
Is 188921 a composite number?
True
Is 124529 a composite number?
False
Is 15991 prime?
True
Is 1152209 a composite number?
True
Is 174121 a composite number?
False
Is 2747 composite?
True
Is 1733 a prime number?
True
Is 2923 prime?
False
Is 112417 prime?
False
Is 151781 composite?
True
Is 2927 a composite number?
False
Is 305441 a composite number?
False
Is 150359 prime?
False
Is 1345117 a prime number?
True
Is 2407577 prime?
True
Is 198377 a prime number?
True
Is 8639 composite?
True
Is 16033 composite?
False
Is 74199 prime?
False
Is 251969 composite?
False
Is 741061 a composite number?
False
Is 25681 composite?
True
Is 894283 prime?
False
Is 40693 composite?
False
Is 289 composite?
True
Is 1317 a composite number?
True
Is 1360141 a prime number?
True
Is 277957 a prime number?
False
Is 71749 a prime number?
False
Is 71477 a prime number?
False
Is 367394 prime?
False
Is 3163 prime?
True
Is 977965 a prime number?
False
Is 305455 a composite number?
True
Is 147057 a prime number?
False
Is 69821 prime?
True
Is 30269 a prime number?
True
Is 89443 composite?
False
Is 4169 a composite number?
True
Is 1269038 a prime number?
False
Is 4247539 a composite number?
False
Is 28169 a composite number?
True
Is 34401 a prime number?
False
Is 175661 a prime number?
False
Is 93293 a composite number?
True
Is 50239 a prime number?
False
Is 13822 prime?
False
Is 45481 a composite number?
False
Is 45397 a composite number?
True
Is 9481 composite?
True
Is 21211 composite?
False
Is 67533 composite?
True
Is 20279 a prime number?
False
Is 8741 composite?
False
Is 22889 a prime number?
False
Is 7286 prime?
False
Is 500299 prime?
True
Is 4509727 a composite number?
False
Is 297151 a prime number?
True
Is 48903 a composite number?
True
Is 4771 a prime number?
False
Is 20873 a composite number?
False
Is 927697 a composite number?
True
Is 867446 composite?
True
Is 6521 composite?
False
Is 4561 a prime number?
True
Is 20993 a composite number?
True
Is 43573 a prime number?
True
Is 1901 prime?
True
Is 1121 a composite number?
True
Is 263854 prime?
False
Is 5366 a composite number?
True
Is 39826 a prime number?
False
Is 84815 a prime number?
False
Is 200227 prime?
True
Is 3239 prime?
False
Is 7901 prime?
True
Is 4857 composite?
True
Is 42131 a composite number?
False
Is 880531 a composite number?
False
Is 7934 prime?
False
Is 108749 prime?
False
Is 583049 a prime number?
False
Is 18947 prime?
True
Is 79466 composite?
True
Is 3593 prime?
True
Is 749539 prime?
False
Is 583 composite?
True
Is 488077 a composite number?
True
Is 293 composite?
False
Is 526883 composite?
True
Is 226439 a composite number?
True
Is 623839 a composite number?
False
Is 570161 a composite number?
False
Is 6937 composite?
True
Is 29353 a composite number?
True
Is 1315 a prime number?
False
Is 130769 a composite number?
False
Is 66227 composite?
True
Is 10801 a prime number?
False
Is 83489 composite?
True
Is 5501 a composite number?
False
Is 1543 prime?
True
Is 1693 a composite number?
False
Is 1681 prime?
False
Is 592265 a prime number?
False
Is 15983 composite?
True
Is 955139 a prime number?
True
Is 205319 composite?
False
Is 395783 a prime number?
False
Is 111029 prime?
True
Is 22823 a prime number?
False
Is 144537 composite?
True
Is 466779 composite?
True
Is 83991 a prime number?
False
Is 80501 a composite number?
True
Is 8353 composite?
False
Is 435749 a prime number?
False
Is 2459 composite?
False
Is 88883 prime?
True
Is 43045 a composite number?
True
Is 185671 a composite number?
True
Is 25059 prime?
False
Is